
{"id":123,"date":"2018-10-08T14:03:54","date_gmt":"2018-10-08T14:03:54","guid":{"rendered":"http:\/\/coopersive.com.ar\/?page_id=123"},"modified":"2018-10-29T14:17:58","modified_gmt":"2018-10-29T14:17:58","slug":"historia-e-informacion-de-interes","status":"publish","type":"page","link":"https:\/\/coopersive.com.ar\/index.php\/historia-e-informacion-de-interes\/","title":{"rendered":"Historia e Informaci\u00f3n de Inter\u00e9s"},"content":{"rendered":"<p>[et_pb_section bb_built=\u00bb1&#8243;][et_pb_row][et_pb_column type=\u00bb4_4&#8243;][et_pb_text _builder_version=\u00bb3.14&#8243;]<\/p>\n<p><strong>FECHA DE FUNDACION:<\/strong><br \/>\n24 de octubre de 1948<\/p>\n<p><strong>ACTA CONSTITUTIVA<\/strong>:<br \/>\nFue presidente el Sr. Detlev, Von Bulow y secretario el Sr. Lorenzo Badillo, firmaron el acta tambi\u00e9n como socios testigos los Sres. Jos\u00e9 Catal\u00e1n y Jos\u00e9 Piergentili. En este acta constitutiva, son electos los socios para construir el Consejo de Administraci\u00f3n. Ellos fueron los Sres. : Antonio Rader, Lorenzo Badillo, Detlev Von Bulow, Jos\u00e9 Piergentili, Carlos Kaltembach, Sebasti\u00e1n de la Torre, Victorio Macor, Jos\u00e9 Catal\u00e1n, Alfredo Curzio, todos como titulares, y como suplentes los Sres. Luis Grancetti, Jos\u00e9 Mart\u00ednez, y Segundo Pambianco.<br \/>\nFueron electos como s\u00edndico titular el Sr. Diego Norman Meyer y suplente el Sr. Mart\u00edn Serventi.<\/p>\n<p><strong>RAZON SOCIAL:<\/strong><br \/>\nCooperativa de Electricidad e Industrias Anexas Ltda. Sierra de la Ventana, que surge del primer estatuto social aprobado por el 28 de octubre de 1949 por la Escriban\u00eda General de Gobierno de la Provincia de Buenos Aires.<br \/>\nEl d\u00eda 7 de abril de 1989, la Secretar\u00eda de Acci\u00f3n Cooperativa aprueba por resoluci\u00f3n nro.297 la reforma del Estatuto Social, sancionado por la Asamblea de asociados el 30\/10\/87, donde pasa a denominarse: <strong>COOPERATIVA DE ELECTRICIDAD,\u00a0SERVICIOS PUBLICOS, CONSUMO, CREDITO Y VIVIENDA SIERRA DE LA VENTANA LTDA.<\/strong><\/p>\n<p><strong>SOCIOS FUNDADORES:<\/strong><br \/>\nDetlev Von Bulow, Francisco Gonz\u00e1lez Ortega, Antonio Rader, Segundo Pambianco, Jos\u00e9 Cuello, Carlos Kaltembach, Valent\u00edn Rub\u00edn, Agust\u00edn Georgetti, Federico Kaltembach (H), Eugenio Miranda, Ren\u00e9 Grancetti, Alberto Piergentili, Luis Grancetti, Jos\u00e9 Mart\u00ednez, Lorenzo Badillo, Evaristo Garc\u00eda, Jos\u00e9 Rub\u00edn, Jos\u00e9 Catal\u00e1n, Jos\u00e9 Piergentili, Carlos Schmidtke.<\/p>\n<p><strong>SEVICIOS QUE PRESTA ACTUALMENTE:<\/strong><br \/>\nServicio de distribuci\u00f3n de electricidad, Servicio Solidario de Sepelio.<\/p>\n<p><strong>OBRAS REALIZADAS Y SERVICIOS PRESTADOS:<\/strong> explotaci\u00f3n de hielo y soda,c\u00e1maras frigor\u00edficas, servicio de aguas corrientes, construcci\u00f3n edificio y ampliaci\u00f3n\u00a0central telef\u00f3nica a 150 abonados, construcci\u00f3n de 10 viviendas por el plan Pro casa, construcci\u00f3n de cord\u00f3n cuneta, servicio de televisi\u00f3n por aire y cable, convenio con T.A. La Estrella para la atenci\u00f3n de la terminal de \u00f3mnibus en la localidad (a\u00f1o 1979\/81).<\/p>\n<p><strong>OTROS DATOS DE INTERES:<\/strong><br \/>\nFecha iniciaci\u00f3n servicio el\u00e9ctrico en Sierra de la Ventana 17\/10\/47<br \/>\nPersoner\u00eda jur\u00eddica decreto nro.19407 03\/09\/49<br \/>\nInstituto Acci\u00f3n Cooperativa \u2013 Matr\u00edcula 1977 22\/08\/50<br \/>\nRegistro P\u00fablico de comercio \u2013 Libro I-F 150-nro.234 05\/03\/51<br \/>\nFecha que comenz\u00f3 a prestar servicio el\u00e9ctrico 28\/09\/52<br \/>\nFecha interconexi\u00f3n con central Ing. White \u2013DEBA- 20\/03\/66<br \/>\nFecha en que se dej\u00f3 de prestar el servicio aguas corrientes<br \/>\n(Transferencia a DOSBA \u2013 260 usuarios) 24\/03\/66<br \/>\nHabilitaci\u00f3n central telef\u00f3nica Entel 24\/07\/87<br \/>\nIniciaci\u00f3n servicio solidario sepelio 01\/10\/88<br \/>\nIniciaci\u00f3n servicio Onda TV 21\/06\/89<br \/>\nCierre servicio Onda TV y cable 15\/01\/96<br \/>\nInicio servicio gas natural 01\/02\/89<br \/>\nCantidad de socios 2640<br \/>\nCantidad de usuarios del servicio el\u00e9ctrico 2427<br \/>\nConsumo promedio por usuario en Kwh (anual) 3675<br \/>\nConsumo promedio por usuario en Kwh (mensual) 306<br \/>\nCantidad grupos adheridos al servicio sepelio 387<br \/>\nKil\u00f3metros l\u00edneas baja tensi\u00f3n 80<br \/>\nKil\u00f3metros l\u00edneas media tensi\u00f3n 55<br \/>\nCantidad de empleados 10<\/p>\n<p><strong>NOMINA DE PRESIDENTES:<\/strong><br \/>\nPer\u00edodos\u00a0 \u00a0 \u00a0 \u00a0 \u00a0 Apellido y nombre<br \/>\nOct\/48 a jul\/51 (Acta constitutiva)<br \/>\nJul\/51 a jun\/52 Von Bulow, Detlev<br \/>\nJun\/52 a ene\/54 Roing, Guillermo<br \/>\nEne\/54 a dic\/54 D\u00edaz, Venancio<br \/>\nDic\/54 a ene\/67 Salerno, Jos\u00e9<br \/>\nEne\/67 a abr\/75 Piergentili, Alberto<br \/>\nAbr\/75 a mar\/76 Gorza, Adelqui<br \/>\nMar\/76 a ene\/78 Franz, Romeo<br \/>\nEne\/78 a jul\/81 Bonard, Gerardo<br \/>\nJul\/81 a ago\/82 Gaspar\u00edn, H\u00e9ctor<br \/>\nAgo\/82 a dic\/83 Gandola, Roald<br \/>\nDic\/83 a feb\/86 Reyes, Florindo<br \/>\nFeb\/86 a feb\/88 Grancetti, Ren\u00e9<br \/>\nFeb\/88 a oct\/95 True, Joaqu\u00edn<br \/>\nOct\/95 a dic\/02 Mart\u00ednez, Alberto<br \/>\nDic\/02 a Dic\/03 Baamonde Julio<br \/>\nDic\/03 a May\/04 Juan C. Arregui<br \/>\nMay\/04 a May\/10 Massetti Hugo<br \/>\nMay\/10 a Jun\/14 Fiorenza Francisco<br \/>\nJun\/14 a Oct\/17 Castillo H\u00e9ctor<br \/>\nNov\/17 a la fecha\u00a0Mario Sensini<\/p>\n<p><strong>DATOS DEL TITULO DE PROPIEDAD:<\/strong><br \/>\nEl actual terreno de la cooperativa, era propiedad de la usina Sierra de la Ventana SRL,<br \/>\ncuyo titular era el socio gerente Dr. Florentino Ayestar\u00e1n, pasando a propiedad de la<br \/>\ncooperativa el 16 de noviembre de 1962, seg\u00fan consta en documento oficial. En esa<br \/>\noportunidad representaron a la Cooperativa, su presidente Sr. Jos\u00e9 Salerno, secretario Sr.<br \/>\nAlberto Piergentili y tesorero Sr. Carlos Schmidtke.<\/p>\n<p><strong>APORTE A LA COMUNIDAD:<\/strong><\/p>\n<p>&#8211; En el a\u00f1o 1998 en apoyo al desarrollo de la cultura de nuestra localidad, por iniciativa del Grupo Coral de Sierra de la Ventana, especialmente dirigida a la comunidad infantil la Cooperativa contribuy\u00f3 con una suma por el lapso de siete meses y puso a<br \/>\ndisposici\u00f3n el Sal\u00f3n de Usos M\u00faltiples para los ensayos del grupo dirigidos por el Sr. Ra\u00fal Quis. La actividad se desarrollaba durante el per\u00edodo escolar y el monto de la contribuci\u00f3n anual fue de $ 2100.- (Pesos dos mil cien).<br \/>\n&#8211; En el a\u00f1o 1999 se brindaron clases gratuitas de ingl\u00e9s, franc\u00e9s, apoyo primario y danzas. Las mismas se coordinaron en el Sal\u00f3n de Usos M\u00faltiples de Lunes a Viernes. El per\u00edodo fue de Mayo a Noviembre y el monto de la contribuci\u00f3n fue de $ 7247.- (Pesos siete mil doscientos cuarenta y siete).<br \/>\n&#8211; En el a\u00f1o 2000 durante el ejercicio se brindaron clases gratuitas de ingl\u00e9s, danzas,karate, teatro y computaci\u00f3n. Al igual que a\u00f1os anteriores, la Cooperativa facilit\u00f3 el\u00a0Sal\u00f3n de Usos M\u00faltiples de Lunes a Viernes; el monto del aporte brindado fue de $8728.- (Pesos ocho mil setecientos veintiocho).<br \/>\n&#8211; En el a\u00f1o 2001 se realizaron contribuciones a distintas instituciones: a la Escuela Media N\u00b0 202 $ 1750.- para refacci\u00f3n en el Centro Cultural; a la Escuela Primaria N\u00b0 6 Juan B. Alberdi $ 1750.- para cursos de computaci\u00f3n; para viajes de estudio $ 1300.-; a Bomberos Voluntarios $ 300.-; a las Municipalidades hierros y alambre tejido para la construcci\u00f3n de cestos para residuos por $ 636.- ; al comedor escolar de la Escuela N\u00b0 6 $ 146.- El monto total fue de $ 5932.- (Pesos cinco mil novecientos treinta y dos).<br \/>\n-En el a\u00f1o 2002 se efectuaron donaciones por un monto de $ 6778.- (Pesos seis mil setecientos setenta y ocho). Para la fiesta Provincial de Reyes Magos $ 800.- para juguetes; a Bomberos Voluntarios $ 1000.- en concepto de bonificaci\u00f3n del servicio el\u00e9ctrico; al Hogar Agr\u00edcola $ 1500.- para material did\u00e1ctico; al Centro de Jubilados $200.- en bonificaci\u00f3n del servicio el\u00e9ctrico; a la Sala de Primeros Auxilios $ 500.- para refacciones del edificio; al Jard\u00edn de Infantes N\u00b0 903 $ 1750.- para mantenimiento del edificio; para viajes de estudio de E.G.B. y C.E.F. $ 1028.-<br \/>\n&#8211;\u00a0 En el a\u00f1o 2003 se realizaron donaciones por $ 1103.- (Pesos mil ciento tres); a la Fiesta Provincial de Reyes Magos $ 400.- para juguetes; a Bomberos Voluntarios $240.-; al Hogar Agr\u00edcola $ 250.- y a la Escuela Media N\u00b0 202 $ 213.- para pintura.<br \/>\n&#8211; En el a\u00f1o 2004 a solicitud de un grupo de vecinos autoconvocados que proyectaron la realizaci\u00f3n de un sistema de antena para TV comunitaria donde se retransmitir\u00edan hasta cuatro canales por aire, declarado de inter\u00e9s p\u00fablico por los municipios de Tornquist y Coronel Su\u00e1rez se colabor\u00f3 en permitir la recepci\u00f3n de adhesiones en nuestras oficinas, facilitar el Sal\u00f3n Social para reuniones peri\u00f3dicas y la apertura de una Cuenta Corriente en Banco Provincia donde se depositaban los aportes de los adherentes. Se facilit\u00f3 adem\u00e1s el lugar f\u00edsico para la instalaci\u00f3n de la antena y los elementos del sistema en el predio de la Cooperativa.<\/p>\n<p><strong>SALON DE USOS MULTIPLES:<\/strong><\/p>\n<p>Por resoluci\u00f3n del Consejo de Administraci\u00f3n en Noviembre de 1998 en el a\u00f1o del\u00a0cincuentenario de la Cooperativa se le asign\u00f3 el nombre del ex \u2013 empleado \u201cJose Pedro Girou\u201d en homenaje a su memoria. Se introdujeron mejoras durante ese ejercicio y se proyect\u00f3 la colocaci\u00f3n de pisos cer\u00e1micos y reforma de sus dependencias. El mismo fue puesto a disposici\u00f3n de la masa societaria para realizar actos, reuniones, asambleas p\u00fablicas, y fiestas familiares, con el criterio de que las actividades desarrolladas fueran\u00a0sin fines de lucro. M\u00e1s tarde, en el a\u00f1o 2003, se lo dot\u00f3 de piso cer\u00e1mico por un monto de $ 2575.- (Pesos dos mil quinientos setenta y cinco) en materiales y mano de obra. En el a\u00f1o 2004, se inici\u00f3 la obra de ampliaci\u00f3n del cuerpo de ba\u00f1os de damas y caballeros, una cocina, dot\u00e1ndola de agua caliente, fr\u00eda y gas natural el monto invertido en materiales y mano de obra fue de $ 5780.- (Pesos cinco mil setecientos ochenta). En el a\u00f1o 2005 se finaliza con la obra de ampliaci\u00f3n de los ba\u00f1os y se le incorpora revestimiento de madera en paredes, cortinas, pintura y muebles y \u00fatiles, entre ellos, sillas, cocina a gas y heladera. Lo invertido asciende a $ 10100.- (Pesos diez mil cien).<\/p>\n<p><strong>PROYECTO GIMNASIO:<\/strong><\/p>\n<p>El 23 de Diciembre del 2000 se celebr\u00f3 una Asamblea General Extraordinaria y en el Orden del D\u00eda se puso a consideraci\u00f3n la construcci\u00f3n de un gimnasio de aproximadamente 750 mts. cuadrados en el predio de la Cooperativa, a trav\u00e9s de la Fundaci\u00f3n Menem Junior; la conclusi\u00f3n final fue autorizar la construcci\u00f3n del gimnasio en un predio a comprar por la Cooperativa y no en el predio actual, con recursos propios. El d\u00eda 06 de Enero de 2001 se compra en Remate Judicial de la Municipalidad de Tornquist la Parcela 8, Mza. 7 B, Partida 2524 con una superficie de 3217.82 mts. cuadrados por un monto de $ 11000.- (Pesos once mil). Se realiz\u00f3 la constituci\u00f3n del estado parcelario y relevamiento planialtim\u00e9trico. Se realiz\u00f3 la tarea de relleno con herramientas municipales y finalmente el d\u00eda 19 de Septiembre de 2002 el Juzgado de Paz Letrado del Partido de Tornquist otorga el Mandamiento de Posesi\u00f3n del inmueble. En el ejercicio 2004 se recibi\u00f3 un anteproyecto del Ministerio de Infraestructura, Vivienda y Servicios P\u00fablicos de la Direcci\u00f3n Provincial de<br \/>\nArquitectura, Expte. 2402-548\/01 con planos de implantaci\u00f3n, cortes, vistas, planta y memoria descriptiva. El d\u00eda 31 de Diciembre de 2004 la Escribana Norma A. Ustua nos entrega la escritura N\u00b0 136 a favor de nuestra Cooperativa del mencionado lote; el costo<br \/>\ndel tr\u00e1mite fue de $ 1400.- (Pesos un mil cuatrocientos). Actualmente el proyecto se ha detenido por razones econ\u00f3micas y financieras de la Cooperativa. Se estan gestionando subsidios y\/o cr\u00e9ditos para comenzar esta obra tan esperada por la comunidad.<\/p>\n<p>[\/et_pb_text][\/et_pb_column][\/et_pb_row][\/et_pb_section]<\/p>\n","protected":false},"excerpt":{"rendered":"<p>[et_pb_section bb_built=\u00bb1&#8243;][et_pb_row][et_pb_column type=\u00bb4_4&#8243;][et_pb_text _builder_version=\u00bb3.14&#8243;] FECHA DE FUNDACION: 24 de octubre de 1948 ACTA CONSTITUTIVA: Fue presidente el Sr. Detlev, Von Bulow y secretario el Sr. Lorenzo Badillo, firmaron el acta tambi\u00e9n como socios testigos los Sres. Jos\u00e9 Catal\u00e1n y Jos\u00e9 Piergentili. En este acta constitutiva, son electos los socios para construir el Consejo de Administraci\u00f3n. [&hellip;]<\/p>\n","protected":false},"author":2,"featured_media":0,"parent":0,"menu_order":0,"comment_status":"closed","ping_status":"closed","template":"","meta":[],"_links":{"self":[{"href":"https:\/\/coopersive.com.ar\/index.php\/wp-json\/wp\/v2\/pages\/123"}],"collection":[{"href":"https:\/\/coopersive.com.ar\/index.php\/wp-json\/wp\/v2\/pages"}],"about":[{"href":"https:\/\/coopersive.com.ar\/index.php\/wp-json\/wp\/v2\/types\/page"}],"author":[{"embeddable":true,"href":"https:\/\/coopersive.com.ar\/index.php\/wp-json\/wp\/v2\/users\/2"}],"replies":[{"embeddable":true,"href":"https:\/\/coopersive.com.ar\/index.php\/wp-json\/wp\/v2\/comments?post=123"}],"version-history":[{"count":3,"href":"https:\/\/coopersive.com.ar\/index.php\/wp-json\/wp\/v2\/pages\/123\/revisions"}],"predecessor-version":[{"id":174,"href":"https:\/\/coopersive.com.ar\/index.php\/wp-json\/wp\/v2\/pages\/123\/revisions\/174"}],"wp:attachment":[{"href":"https:\/\/coopersive.com.ar\/index.php\/wp-json\/wp\/v2\/media?parent=123"}],"curies":[{"name":"wp","href":"https:\/\/api.w.org\/{rel}","templated":true}]}}